{"id":1046,"date":"2020-01-03T08:52:04","date_gmt":"2020-01-03T07:52:04","guid":{"rendered":"http:\/\/www.biohof-vollmer.de\/?page_id=1046"},"modified":"2020-01-03T08:52:04","modified_gmt":"2020-01-03T07:52:04","slug":"wir-oeffnen-fuer-sie-nach-absprache","status":"publish","type":"page","link":"https:\/\/www.biohof-vollmer.de\/?page_id=1046","title":{"rendered":"Wir \u00f6ffnen f\u00fcr Sie nach Absprache"},"content":{"rendered":"\n<p>Sie kommen an unserem Hof vorbei und wir haben nicht ge\u00f6ffnet?<\/p>\n\n\n\n<p>Dann melden Sie sich doch kurz telefonisch bei uns, damit wir Ihnen unsere T\u00fcren f\u00fcr Ihren Einkauf \u00f6ffnen k\u00f6nnen!     05242 377611<\/p>\n\n\n\n<p>Nat\u00fcrlich k\u00f6nnen wir auch per E-Mail einen Einkaufstermin vereinbaren, der au\u00dferhalb der allgemeinen \u00d6ffnungszeiten liegt.<\/p>\n","protected":false},"excerpt":{"rendered":"<p>Sie kommen an unserem Hof vorbei und wir haben nicht ge\u00f6ffnet? Dann melden Sie sich doch kurz telefonisch bei uns, damit wir Ihnen unsere T\u00fcren f\u00fcr Ihren Einkauf \u00f6ffnen k\u00f6nnen! 05242 377611 Nat\u00fcrlich k\u00f6nnen wir auch per E-Mail einen Einkaufstermin &hellip; <a href=\"https:\/\/www.biohof-vollmer.de\/?page_id=1046\">Weiterlesen <span class=\"meta-nav\">&rarr;<\/span><\/a><\/p>\n","protected":false},"author":2,"featured_media":0,"parent":0,"menu_order":0,"comment_status":"closed","ping_status":"closed","template":"","meta":{"footnotes":""},"class_list":["post-1046","page","type-page","status-publish","hentry"],"_links":{"self":[{"href":"https:\/\/www.biohof-vollmer.de\/index.php?rest_route=\/wp\/v2\/pages\/1046","targetHints":{"allow":["GET"]}}],"collection":[{"href":"https:\/\/www.biohof-vollmer.de\/index.php?rest_route=\/wp\/v2\/pages"}],"about":[{"href":"https:\/\/www.biohof-vollmer.de\/index.php?rest_route=\/wp\/v2\/types\/page"}],"author":[{"embeddable":true,"href":"https:\/\/www.biohof-vollmer.de\/index.php?rest_route=\/wp\/v2\/users\/2"}],"replies":[{"embeddable":true,"href":"https:\/\/www.biohof-vollmer.de\/index.php?rest_route=%2Fwp%2Fv2%2Fcomments&post=1046"}],"version-history":[{"count":1,"href":"https:\/\/www.biohof-vollmer.de\/index.php?rest_route=\/wp\/v2\/pages\/1046\/revisions"}],"predecessor-version":[{"id":1047,"href":"https:\/\/www.biohof-vollmer.de\/index.php?rest_route=\/wp\/v2\/pages\/1046\/revisions\/1047"}],"wp:attachment":[{"href":"https:\/\/www.biohof-vollmer.de\/index.php?rest_route=%2Fwp%2Fv2%2Fmedia&parent=1046"}],"curies":[{"name":"wp","href":"https:\/\/api.w.org\/{rel}","templated":true}]}}