{"id":58,"date":"2011-11-27T16:07:38","date_gmt":"2011-11-27T15:07:38","guid":{"rendered":"http:\/\/www.biohof-vollmer.de\/?page_id=58"},"modified":"2020-06-12T06:49:13","modified_gmt":"2020-06-12T05:49:13","slug":"der-hofladen","status":"publish","type":"page","link":"https:\/\/www.biohof-vollmer.de\/?page_id=58","title":{"rendered":"Der Hof"},"content":{"rendered":"<p><img loading=\"lazy\" decoding=\"async\" class=\" wp-image-1017 aligncenter\" src=\"https:\/\/www.biohof-vollmer.de\/wp-content\/uploads\/2019\/11\/DSCF2458-300x225.jpg\" alt=\"\" width=\"345\" height=\"259\" srcset=\"https:\/\/www.biohof-vollmer.de\/wp-content\/uploads\/2019\/11\/DSCF2458-300x225.jpg 300w, https:\/\/www.biohof-vollmer.de\/wp-content\/uploads\/2019\/11\/DSCF2458-768x576.jpg 768w, https:\/\/www.biohof-vollmer.de\/wp-content\/uploads\/2019\/11\/DSCF2458-1024x768.jpg 1024w\" sizes=\"auto, (max-width: 345px) 100vw, 345px\" \/>Auf unserem Biolandbetrieb sind zurzeit\u00a030 Milchk\u00fche, 12 Rinder und K\u00e4lber, 2 Schweine, 4 Katzen, ein sehr liebebed\u00fcrftiger Hund und 8 Menschen zu Hause.<\/p>\n<p>Der heute 45 ha gro\u00dfe Hof wird seit 1988 organisch-biologisch, d.h. nach den Richtlinien des <strong>Bioland Verbands<\/strong>, bewirtschaftet. Zu dieser Zeit war Bio eher ein gewagtes Experiment. Mit viel Elan und eigener \u00dcberzeugung, Gutes f\u00fcr sich und die Umwelt zu tun, wurde die Umstellung auf eine Anbauweise<strong> ohne chemische Pflanzenschutzmittel und synthetische D\u00fcngestoffe<\/strong> betrieben. Heute hat sich der biologische Anbau etabliert und beschreitet gro\u00dfe Wege.<\/p>\n<p>F\u00fcr uns ist es noch immer <strong>wichtig einen pers\u00f6nlichen Beitrag zu leisten<\/strong>, daher vermarkten wir seit nunmehr 30 Jahren unsere selbst erzeugten Rohstoffe und Produkte im kleinen \u201eTante Emma\u201c <strong>Hofladen<\/strong>. Hier gibt es mittlerweile alles was man im Haushalt braucht. Vom Agavendicksaft bis zur Zahnb\u00fcrste stellt unser kleiner Laden eine breite Palette an Obst und Gem\u00fcse, Frischeprodukten (z.B. K\u00e4se, Joghurt und Wurst), Getr\u00e4nken, Trockenprodukten (z.B. Nudeln und N\u00fcsse), Tiefk\u00fchlprodukten (v.a. eigenes Fleisch aber auch Eis und Fisch) und Reinigungsmitteln zur Verf\u00fcgung. Dabei\u00a0 liegt uns der Verkauf unserer eigenen Erzeugnisse nat\u00fcrlich besonders am Herzen.<\/p>\n<p>Die <strong>Frischmilch<\/strong>, die t\u00e4glich zweimal\u00a0aus den K\u00fchen ermolken wird, ist eine Besonderheit auf dem heutigen Markt. Sie wird lediglich gek\u00fchlt, nicht erhitzt, um haltbar zu sein. Aus diesem Grund steht es Ihnen pers\u00f6nlich zu, die frische Milch aus dem Sammeltank in Ihr Transportgef\u00e4\u00df abzuf\u00fcllen.<\/p>\n<p>Unsere Tiere werden zu 99,8 % von selbst angebautem Futter gef\u00fcttert. Der kleine Rest steht f\u00fcr Mineralsalze, die wir nicht selbst machen und entsprechend von einer Firma aus der Region zugekauft werden. In den Sommermonaten leben die <strong>K\u00fche und Rinder<\/strong> ausschlie\u00dflich von den <strong>Weiden<\/strong>, im Winter gibt es konserviertes Futter (Grassilage, Maissilage, Heu). Der gr\u00f6\u00dfte Teil unserer Milch wird\u00a0von der Molkerei S\u00f6bbeke\u00a0aus Gronau\u00a0abgeholt und dort zu Joghurt, Butter, Quark und K\u00e4se verarbeitet. Die Produkte der Molkerei S\u00f6bbeke werden sie selbstverst\u00e4ndlich auch in unserem Hofladen wiederfinden.<\/p>\n<p>Das <strong>Rindfleisch<\/strong> wird nach Vorank\u00fcndigung durchschnittlich alle 2 Monate frisch verkauft. Was nicht frisch abverkauft wird steht tief gefroren im Laden zum Verkauf.<\/p>\n<p>Unsere 2 Schweine dienen dem Hof als Resteverwerter. Immer gibt es bei der Getreideernte Bruchk\u00f6rner, die sich nicht f\u00fcr die Vermarktung eignen, aber ideal sind als Schweinefutter. Da unsere <strong>Schweine von Ausputz<\/strong> leben, k\u00f6nnen es nicht so viele sein, denn daf\u00fcr fehlt uns die Anbaufl\u00e4che. Zweimal im Jahr haben wir dann frisches Schweinefleisch zum Verkauf.<\/p>\n<p>Wir bauen j\u00e4hrlich 1 ha <strong>Kartoffeln<\/strong> an. Von weichkochend, \u00fcber mittelfest, bis festkochend, hier ist f\u00fcr jeden Geschmack etwas dabei. Auch die bekannte, schmackhafte Linda haben wir im Programm. Der Kartoffelanbau ist auf unserem eher leichten Boden eine Tradition, die wir gerne weiterf\u00fchren; denn unser Herz und Bauch liebt die Kartoffel auch!<\/p>\n<p>Auf unseren \u00c4ckern bauen wir aber nicht nur Kleegras, Mais\u00a0 und Kartoffeln an, sondern auch Getreide. Ein kleiner Teil dessen wird als Leckerli an unsere K\u00fche verf\u00fcttert. Der Weizen, Roggen und Dinkel wird als <strong>Backgetreide<\/strong> geerntet und in verschiedenen Gebindegr\u00f6\u00dfen im Laden verkauft. Eine Bioland\u00a0B\u00e4ckerei in Harsewinkel verwandelt unseren Dinkel auch zu Brot und Br\u00f6tchen, die wir Ihnen nat\u00fcrlich auch anbieten.<\/p>\n<p>F\u00fcr den Getreideanbau sind die Tiere eine wichtige Grundlage, denn sie liefern den Mist, den wir als D\u00fcnger auf den Fl\u00e4chen brauchen. Der Mist ist ein langsamer D\u00fcnger, der einen gesunden, belebten Boden braucht, um wirken zu k\u00f6nnen. Was wir als unser gr\u00f6\u00dftes Ziel im Ackerbau betrachten: Ein <strong>aktiver, selbst regulierender Boden.<\/strong><\/p>\n<p>Neben der Versorgung der Tiere und der Pflege und Bearbeitung der \u00c4cker gibt es auf dem Hof noch ein gro\u00dfes Herzst\u00fcck der Altb\u00e4uerin: Den Garten.<\/p>\n<p>Hier wird nicht nur f\u00fcr den Eigenbedarf angebaut, sondern auch je nach Saison Spinat, Zucchini, Erbsen, Bohnen, Zwiebeln, \u00a0Hokkaido, Rote Beete und Gr\u00fcnkohl f\u00fcr den ab Hof Verkauf und die <strong>Abokisten in Rheda-Wiedenbr\u00fcck, Herzebrock, Langenberg und Wadersloh.<\/strong><\/p>\n<p>Es gibt nat\u00fcrlich auch f\u00fcr uns, noch immer, viele Fragen \u00fcber den richtigen Umgang mit der Natur, unseren Ressourcen und den M\u00f6glichkeiten der Verbesserung. Deshalb ist unser Betrieb einer von 13 Leitbetrieben, die mit verschiedenen Forschungseinrichtungen und der Landwirtschaftskammer NRW\u00a0 Praxisversuche auf\u00a0 den Fl\u00e4chen machen, um sich an betriebstaugliche Antworten heranzutasten.<\/p>\n<p>Uns liegt es am Herzen, unsere biologische Denkweise an andere Interessierte weiterzugeben, deshalb laden wir sie gerne zu <strong>Hoff\u00fchrungen<\/strong> mit Schulklassen, Kindergartengruppen oder Vereinen auf unseren Familienbetrieb ein.<\/p>\n<p><img loading=\"lazy\" decoding=\"async\" class=\"alignleft size-medium wp-image-1016\" src=\"https:\/\/www.biohof-vollmer.de\/wp-content\/uploads\/2019\/11\/DSCF2528-300x225.jpg\" alt=\"\" width=\"300\" height=\"225\" srcset=\"https:\/\/www.biohof-vollmer.de\/wp-content\/uploads\/2019\/11\/DSCF2528-300x225.jpg 300w, https:\/\/www.biohof-vollmer.de\/wp-content\/uploads\/2019\/11\/DSCF2528-768x576.jpg 768w, https:\/\/www.biohof-vollmer.de\/wp-content\/uploads\/2019\/11\/DSCF2528-1024x768.jpg 1024w\" sizes=\"auto, (max-width: 300px) 100vw, 300px\" \/><\/p>\n<p>Unsere Schweine an der frischen Luft.<\/p>\n\n\n<p><\/p>\n","protected":false},"excerpt":{"rendered":"<p>Auf unserem Biolandbetrieb sind zurzeit\u00a030 Milchk\u00fche, 12 Rinder und K\u00e4lber, 2 Schweine, 4 Katzen, ein sehr liebebed\u00fcrftiger Hund und 8 Menschen zu Hause. Der heute 45 ha gro\u00dfe Hof wird seit 1988 organisch-biologisch, d.h. nach den Richtlinien des Bioland Verbands, &hellip; <a href=\"https:\/\/www.biohof-vollmer.de\/?page_id=58\">Weiterlesen <span class=\"meta-nav\">&rarr;<\/span><\/a><\/p>\n","protected":false},"author":1,"featured_media":0,"parent":0,"menu_order":0,"comment_status":"open","ping_status":"open","template":"","meta":{"footnotes":""},"class_list":["post-58","page","type-page","status-publish","hentry"],"_links":{"self":[{"href":"https:\/\/www.biohof-vollmer.de\/index.php?rest_route=\/wp\/v2\/pages\/58","targetHints":{"allow":["GET"]}}],"collection":[{"href":"https:\/\/www.biohof-vollmer.de\/index.php?rest_route=\/wp\/v2\/pages"}],"about":[{"href":"https:\/\/www.biohof-vollmer.de\/index.php?rest_route=\/wp\/v2\/types\/page"}],"author":[{"embeddable":true,"href":"https:\/\/www.biohof-vollmer.de\/index.php?rest_route=\/wp\/v2\/users\/1"}],"replies":[{"embeddable":true,"href":"https:\/\/www.biohof-vollmer.de\/index.php?rest_route=%2Fwp%2Fv2%2Fcomments&post=58"}],"version-history":[{"count":26,"href":"https:\/\/www.biohof-vollmer.de\/index.php?rest_route=\/wp\/v2\/pages\/58\/revisions"}],"predecessor-version":[{"id":1097,"href":"https:\/\/www.biohof-vollmer.de\/index.php?rest_route=\/wp\/v2\/pages\/58\/revisions\/1097"}],"wp:attachment":[{"href":"https:\/\/www.biohof-vollmer.de\/index.php?rest_route=%2Fwp%2Fv2%2Fmedia&parent=58"}],"curies":[{"name":"wp","href":"https:\/\/api.w.org\/{rel}","templated":true}]}}

<p><img loading="lazy" decoding="async" class=" wp-image-1017 aligncenter" src="https://www.biohof-vollmer.de/wp-content/uploads/2019/11/DSCF2458-300x225.jpg" alt="" width="345" height="259" srcset="https://www.biohof-vollmer.de/wp-content/uploads/2019/11/DSCF2458-300x225.jpg 300w, https://www.biohof-vollmer.de/wp-content/uploads/2019/11/DSCF2458-768x576.jpg 768w, https://www.biohof-vollmer.de/wp-content/uploads/2019/11/DSCF2458-1024x768.jpg 1024w" sizes="auto, (max-width: 345px) 100vw, 345px" />Auf unserem Biolandbetrieb sind zurzeit 30 Milchkühe, 12 Rinder und Kälber, 2 Schweine, 4 Katzen, ein sehr liebebedürftiger Hund und 8 Menschen zu Hause.</p>
<p>Der heute 45 ha große Hof wird seit 1988 organisch-biologisch, d.h. nach den Richtlinien des <strong>Bioland Verbands</strong>, bewirtschaftet. Zu dieser Zeit war Bio eher ein gewagtes Experiment. Mit viel Elan und eigener Überzeugung, Gutes für sich und die Umwelt zu tun, wurde die Umstellung auf eine Anbauweise<strong> ohne chemische Pflanzenschutzmittel und synthetische Düngestoffe</strong> betrieben. Heute hat sich der biologische Anbau etabliert und beschreitet große Wege.</p>
<p>Für uns ist es noch immer <strong>wichtig einen persönlichen Beitrag zu leisten</strong>, daher vermarkten wir seit nunmehr 30 Jahren unsere selbst erzeugten Rohstoffe und Produkte im kleinen „Tante Emma“ <strong>Hofladen</strong>. Hier gibt es mittlerweile alles was man im Haushalt braucht. Vom Agavendicksaft bis zur Zahnbürste stellt unser kleiner Laden eine breite Palette an Obst und Gemüse, Frischeprodukten (z.B. Käse, Joghurt und Wurst), Getränken, Trockenprodukten (z.B. Nudeln und Nüsse), Tiefkühlprodukten (v.a. eigenes Fleisch aber auch Eis und Fisch) und Reinigungsmitteln zur Verfügung. Dabei  liegt uns der Verkauf unserer eigenen Erzeugnisse natürlich besonders am Herzen.</p>
<p>Die <strong>Frischmilch</strong>, die täglich zweimal aus den Kühen ermolken wird, ist eine Besonderheit auf dem heutigen Markt. Sie wird lediglich gekühlt, nicht erhitzt, um haltbar zu sein. Aus diesem Grund steht es Ihnen persönlich zu, die frische Milch aus dem Sammeltank in Ihr Transportgefäß abzufüllen.</p>
<p>Unsere Tiere werden zu 99,8 % von selbst angebautem Futter gefüttert. Der kleine Rest steht für Mineralsalze, die wir nicht selbst machen und entsprechend von einer Firma aus der Region zugekauft werden. In den Sommermonaten leben die <strong>Kühe und Rinder</strong> ausschließlich von den <strong>Weiden</strong>, im Winter gibt es konserviertes Futter (Grassilage, Maissilage, Heu). Der größte Teil unserer Milch wird von der Molkerei Söbbeke aus Gronau abgeholt und dort zu Joghurt, Butter, Quark und Käse verarbeitet. Die Produkte der Molkerei Söbbeke werden sie selbstverständlich auch in unserem Hofladen wiederfinden.</p>
<p>Das <strong>Rindfleisch</strong> wird nach Vorankündigung durchschnittlich alle 2 Monate frisch verkauft. Was nicht frisch abverkauft wird steht tief gefroren im Laden zum Verkauf.</p>
<p>Unsere 2 Schweine dienen dem Hof als Resteverwerter. Immer gibt es bei der Getreideernte Bruchkörner, die sich nicht für die Vermarktung eignen, aber ideal sind als Schweinefutter. Da unsere <strong>Schweine von Ausputz</strong> leben, können es nicht so viele sein, denn dafür fehlt uns die Anbaufläche. Zweimal im Jahr haben wir dann frisches Schweinefleisch zum Verkauf.</p>
<p>Wir bauen jährlich 1 ha <strong>Kartoffeln</strong> an. Von weichkochend, über mittelfest, bis festkochend, hier ist für jeden Geschmack etwas dabei. Auch die bekannte, schmackhafte Linda haben wir im Programm. Der Kartoffelanbau ist auf unserem eher leichten Boden eine Tradition, die wir gerne weiterführen; denn unser Herz und Bauch liebt die Kartoffel auch!</p>
<p>Auf unseren Äckern bauen wir aber nicht nur Kleegras, Mais  und Kartoffeln an, sondern auch Getreide. Ein kleiner Teil dessen wird als Leckerli an unsere Kühe verfüttert. Der Weizen, Roggen und Dinkel wird als <strong>Backgetreide</strong> geerntet und in verschiedenen Gebindegrößen im Laden verkauft. Eine Bioland Bäckerei in Harsewinkel verwandelt unseren Dinkel auch zu Brot und Brötchen, die wir Ihnen natürlich auch anbieten.</p>
<p>Für den Getreideanbau sind die Tiere eine wichtige Grundlage, denn sie liefern den Mist, den wir als Dünger auf den Flächen brauchen. Der Mist ist ein langsamer Dünger, der einen gesunden, belebten Boden braucht, um wirken zu können. Was wir als unser größtes Ziel im Ackerbau betrachten: Ein <strong>aktiver, selbst regulierender Boden.</strong></p>
<p>Neben der Versorgung der Tiere und der Pflege und Bearbeitung der Äcker gibt es auf dem Hof noch ein großes Herzstück der Altbäuerin: Den Garten.</p>
<p>Hier wird nicht nur für den Eigenbedarf angebaut, sondern auch je nach Saison Spinat, Zucchini, Erbsen, Bohnen, Zwiebeln,  Hokkaido, Rote Beete und Grünkohl für den ab Hof Verkauf und die <strong>Abokisten in Rheda-Wiedenbrück, Herzebrock, Langenberg und Wadersloh.</strong></p>
<p>Es gibt natürlich auch für uns, noch immer, viele Fragen über den richtigen Umgang mit der Natur, unseren Ressourcen und den Möglichkeiten der Verbesserung. Deshalb ist unser Betrieb einer von 13 Leitbetrieben, die mit verschiedenen Forschungseinrichtungen und der Landwirtschaftskammer NRW  Praxisversuche auf  den Flächen machen, um sich an betriebstaugliche Antworten heranzutasten.</p>
<p>Uns liegt es am Herzen, unsere biologische Denkweise an andere Interessierte weiterzugeben, deshalb laden wir sie gerne zu <strong>Hofführungen</strong> mit Schulklassen, Kindergartengruppen oder Vereinen auf unseren Familienbetrieb ein.</p>
<p><img loading="lazy" decoding="async" class="alignleft size-medium wp-image-1016" src="https://www.biohof-vollmer.de/wp-content/uploads/2019/11/DSCF2528-300x225.jpg" alt="" width="300" height="225" srcset="https://www.biohof-vollmer.de/wp-content/uploads/2019/11/DSCF2528-300x225.jpg 300w, https://www.biohof-vollmer.de/wp-content/uploads/2019/11/DSCF2528-768x576.jpg 768w, https://www.biohof-vollmer.de/wp-content/uploads/2019/11/DSCF2528-1024x768.jpg 1024w" sizes="auto, (max-width: 300px) 100vw, 300px" /></p>
<p>Unsere Schweine an der frischen Luft.</p>


<p></p>

<p>Auf unserem Biolandbetrieb sind zurzeit 30 Milchkühe, 12 Rinder und Kälber, 2 Schweine, 4 Katzen, ein sehr liebebedürftiger Hund und 8 Menschen zu Hause. Der heute 45 ha große Hof wird seit 1988 organisch-biologisch, d.h. nach den Richtlinien des Bioland Verbands, &hellip; <a href="https://www.biohof-vollmer.de/?page_id=58">Weiterlesen <span class="meta-nav">&rarr;</span></a></p>
