{"id":775,"date":"2017-02-05T20:41:50","date_gmt":"2017-02-05T19:41:50","guid":{"rendered":"http:\/\/www.biohof-vollmer.de\/?page_id=775"},"modified":"2017-12-14T23:03:34","modified_gmt":"2017-12-14T22:03:34","slug":"wunschkiste","status":"publish","type":"page","link":"https:\/\/www.biohof-vollmer.de\/?page_id=775","title":{"rendered":"Wunschkiste ab Hof"},"content":{"rendered":"<p>Sie haben zu unsere Hofladen-Verkaufszeiten keine M\u00f6glichkeit vorbeizukommen, um Ihren Einkauf zu erledigen?<\/p>\n<p>Dann lassen Sie uns doch Ihren <strong>Einkaufszette<\/strong>l zukommen und wir packen Ihnen die Wunschartikel in eine<strong> Biokiste<\/strong>, die zu einem <strong>sp\u00e4ter<\/strong>en Zeitpunkt<strong> am Hof abgeholt<\/strong> werden kann.<\/p>\n<p>Gern k\u00f6nnen wir Ihnen auch Wunschartikel ordern, wenn Sie eine gr\u00f6\u00dfere Menge davon abnehmen. F\u00fcr den Einkauf eines Gebindes bekommen Sie immer 5% Rabatt.<\/p>\n<p>Rufen Sie uns an 05242 377611 oder mailen Sie uns info@biohof-vollmer.de<\/p>\n","protected":false},"excerpt":{"rendered":"<p>Sie haben zu unsere Hofladen-Verkaufszeiten keine M\u00f6glichkeit vorbeizukommen, um Ihren Einkauf zu erledigen? Dann lassen Sie uns doch Ihren Einkaufszettel zukommen und wir packen Ihnen die Wunschartikel in eine Biokiste, die zu einem sp\u00e4teren Zeitpunkt am Hof abgeholt werden kann. &hellip; <a href=\"https:\/\/www.biohof-vollmer.de\/?page_id=775\">Weiterlesen <span class=\"meta-nav\">&rarr;<\/span><\/a><\/p>\n","protected":false},"author":2,"featured_media":0,"parent":0,"menu_order":0,"comment_status":"open","ping_status":"open","template":"","meta":{"footnotes":""},"class_list":["post-775","page","type-page","status-publish","hentry"],"_links":{"self":[{"href":"https:\/\/www.biohof-vollmer.de\/index.php?rest_route=\/wp\/v2\/pages\/775","targetHints":{"allow":["GET"]}}],"collection":[{"href":"https:\/\/www.biohof-vollmer.de\/index.php?rest_route=\/wp\/v2\/pages"}],"about":[{"href":"https:\/\/www.biohof-vollmer.de\/index.php?rest_route=\/wp\/v2\/types\/page"}],"author":[{"embeddable":true,"href":"https:\/\/www.biohof-vollmer.de\/index.php?rest_route=\/wp\/v2\/users\/2"}],"replies":[{"embeddable":true,"href":"https:\/\/www.biohof-vollmer.de\/index.php?rest_route=%2Fwp%2Fv2%2Fcomments&post=775"}],"version-history":[{"count":3,"href":"https:\/\/www.biohof-vollmer.de\/index.php?rest_route=\/wp\/v2\/pages\/775\/revisions"}],"predecessor-version":[{"id":848,"href":"https:\/\/www.biohof-vollmer.de\/index.php?rest_route=\/wp\/v2\/pages\/775\/revisions\/848"}],"wp:attachment":[{"href":"https:\/\/www.biohof-vollmer.de\/index.php?rest_route=%2Fwp%2Fv2%2Fmedia&parent=775"}],"curies":[{"name":"wp","href":"https:\/\/api.w.org\/{rel}","templated":true}]}}